2. Calculate the greatest common factor of 8 and l.
8
Let s be (0 - 1)/(12/(-300)). Calculate the greatest common factor of 10 and s.
5
Let q be 30/(-8)*88/(-33). Calculate the greatest common divisor of q and 30.
10
Suppose 40 = 3*d - 23. Suppose 44 = -11*u + 275. Calculate the greatest common factor of u and d.
21
Suppose -6*a + 12*a - 330 = 0. What is the highest common divisor of 22 and a?
11
Suppose -4*s + z + 24 = -27, -25 = -2*s + z. What is the greatest common divisor of s and 78?
13
Let b(m) = 9*m**2 - 2*m + 1. Let r be b(-2). Calculate the highest common factor of r and 328.
41
Let o be 1/5 - (-84)/5. Calculate the highest common factor of 17 and o.
17
Let y = 3 - -17. Let j(k) = -k**3 + 8*k**2 + 12*k - 7. Let x be j(9). Calculate the greatest common factor of x and y.
20
Let s = 4 + 41. Let n(v) = v + 4. Let i be n(12). Let g be i - (4*-1)/2. Calculate the highest common factor of s and g.
9
Let n = -3 - -27. Let i = 34 - n. Calculate the greatest common divisor of i and 15.
5
Let k(z) = -z**2 - 12*z - 6. Let j be k(-6). Suppose -150 = -3*m - 0*n - 3*n, m + 3*n = 60. Calculate the highest common divisor of m and j.
15
Suppose -3*x - 5 = -2*i - 19, i = -x + 8. Let j = x - 3. Calculate the greatest common factor of j and 21.
3
Suppose -d + 3*q - 1002 = -6*d, -d = -q - 194. Calculate the highest common divisor of d and 18.
18
Let f(z) = 46*z**2 + z. Let p be f(-1). Calculate the highest common factor of p and 9.
9
Let b(u) = u**3 - 14*u**2 + 14*u - 7. Let z be b(13). Let f = 23 + 7. Calculate the highest common divisor of z and f.
6
Let y(a) = -3*a**2 + 3*a**2 + 2 + 3*a**2 + a**2. Let o be y(-2). What is the highest common factor of o and 6?
6
Let t(s) = -2 + 0 - 4 - 9*s - s**2. Let h be t(-6). Suppose -32 = -4*u - 0. What is the greatest common divisor of h and u?
4
Suppose -4*y + 76 = 12. What is the greatest common divisor of 128 and y?
16
Suppose -o + 3*o - 8 = 0. Suppose 3*c + f - 24 = 0, c + c - o*f = 30. What is the greatest common divisor of 81 and c?
9
Let z = -41 - -68. Let g be (-28)/(-36) + 6/z. What is the highest common factor of 7 and g?
1
Suppose 3*m = 5*j + 581, -2*m + j + 386 = -2*j. What is the greatest common factor of 11 and m?
11
Let a(w) = -w + 5. Let t be a(-4). Calculate the greatest common divisor of t and 6.
3
Let n(c) = -4*c - 13. Let q be n(-10). Let o = q + -13. What is the highest common divisor of 14 and o?
14
Let v be 12/10*(-80)/(-6). Suppose 0 = f - 5*f + v. Calculate the highest common divisor of 4 and f.
4
Let t(k) be the first derivative of -k**4/4 + 8*k**3/3 - k + 1. Let u be t(4). Calculate the greatest common factor of 9 and u.
9
Let s(x) = x**3 - 5*x**2 + 6*x - 5. Let f be s(4). Suppose g - 4*g - 11 = 5*t, f*g + 4*t = -7. What is the greatest common factor of g and 12?
3
Let y(j) = -7*j - 8 + 12 - j**3 + 8*j**2 + 0*j. Let q be y(7). Calculate the greatest common factor of 40 and q.
4
Let q(w) be the first derivative of 62*w**3/3 + w + 2. Let f be q(1). What is the greatest common factor of 9 and f?
9
Let x(i) = 2*i**2 + 5*i - 1. Let y be x(-4). What is the highest common divisor of y and 11?
11
Suppose 73*f = 78*f - 15. What is the highest common divisor of f and 6?
3
Let s = -121 - -151. Calculate the greatest common divisor of 30 and s.
30
Let i = 56 + -22. Let b be i/10*(-1 - -6). Suppose 0 = 4*y - 806 + 58. Calculate the highest common divisor of y and b.
17
Let w(p) = 34*p**3 + p**2. Let v be w(1). Calculate the greatest common factor of v and 35.
35
Suppose -42 = -3*v + 5*o + 1, -3*o - 17 = -v. Calculate the highest common divisor of 121 and v.
11
Suppose -2*s = -2*c - 194, -2*c - c = 5*s - 509. Calculate the highest common divisor of s and 75.
25
Let f(j) = j**2 - j - 11. Let h be f(8). Let i = -171 + 309. Suppose 0 = -5*t + i - 48. Calculate the greatest common divisor of t and h.
9
Suppose -3*r + 249 = 3*d - 204, 0 = -4*d - 12. Suppose v - 45 = u, -5*v + 3*v + 4*u + 88 = 0. Let s = v - 32. Calculate the greatest common divisor of s and r.
14
Let q = -6 - -7. Calculate the highest common divisor of q and 3.
1
Let n(v) = -v - 17. Let h be n(-26). What is the highest common factor of 12 and h?
3
Let m(r) = 2*r**2 + 2*r - 2. Let p = 6 + -9. Let a be m(p). Let f be 176/10 - (-4)/a. What is the greatest common divisor of 6 and f?
6
Let n(p) be the second derivative of 7*p**3/6 - 3*p**2/2 - 7*p. Let h = 1 - -1. Let q be n(h). What is the greatest common divisor of q and 11?
11
Suppose -5*w + w = -136. What is the highest common divisor of 170 and w?
34
Suppose 340 = 3*n - x - 209, -5*n = 2*x - 904. What is the highest common factor of 26 and n?
26
Suppose 329*a + 108 = 331*a. Calculate the highest common divisor of a and 540.
54
Let v = 61 + -40. Let m = 4 - 1. Calculate the greatest common factor of m and v.
3
Let d(z) = z**3 + 9*z**2 + 7*z + 9. Let g be d(-6). What is the greatest common factor of g and 15?
15
Suppose -16 = -2*d + 4*o, -7*d - o = -2*d - 29. What is the greatest common divisor of d and 12?
6
Let y be 7 + 1 + 1 + 2. Let o = -9 + 18. Suppose b - 69 = -4*s, 2*b - 5*s = -o + 173. Calculate the highest common divisor of y and b.
11
Suppose -3*v + 3*o + 21 = 0, -2*v - 3*v + 3*o = -25. Calculate the greatest common divisor of v and 2.
2
Suppose 2*g - 5*t = 10 + 18, 3*g - 3*t - 24 = 0. Suppose -g*c = -3*s + c + 22, 0 = 4*s - 2*c - 20. What is the highest common divisor of 8 and s?
4
Suppose 0 = 3*y - 2*v - 0*v - 48, 5*y - 4*v = 78. Calculate the greatest common divisor of y and 126.
18
Let i be (-9)/6*-2 + -2. Suppose 5*j = 1 + 9. What is the highest common divisor of j and i?
1
Suppose -3*p + 91 = -k, -k + 20 = 3*k. Calculate the greatest common factor of p and 8.
8
Let b(u) = u**2 - 1. Let f be b(-2). Suppose -d = -0*d - 6. What is the greatest common divisor of f and d?
3
Let t be (-5)/((-30)/477) - 15/10. What is the highest common divisor of t and 13?
13
Suppose 4*j + 773 + 209 = 3*g, 0 = -3*g - j + 962. Suppose -5*x = -128 - g. What is the greatest common factor of x and 18?
18
Let l = -1 - 0. Let u be 26 + (0 - 1) + l. Let h be 64/u + 1/3. What is the highest common divisor of h and 3?
3
Suppose -44 = y - 3*y. Calculate the greatest common divisor of y and 198.
22
Let x = -53 + 97. Suppose t - z = -4*t + 50, -3*t - 2*z + 43 = 0. What is the highest common divisor of x and t?
11
Suppose 2*g - 86 = -0*g. Suppose -q + g + 55 = 0. Suppose 5*m + 2*k - q = 0, -4*k - 55 = -5*m + 19. What is the greatest common factor of 72 and m?
18
Let c = -38 + 53. Let x = -8 + c. Suppose 4*o + 2*n = 368, -o - 3*n + 83 = -x*n. What is the greatest common divisor of o and 13?
13
Let c be 7/4*(15 + 15/3). Let p be -21*(-2 - 10/(-6)). Calculate the greatest common divisor of c and p.
7
Suppose 13*g - 9*g - 364 = 0. Calculate the highest common factor of 13 and g.
13
Suppose -2*d = w + 6, -4*w + 0*d = -2*d - 16. Suppose -w*f + 297 = f. What is the highest common divisor of 9 and f?
9
Let r(g) = -91*g + 8. Let k be r(-8). Suppose -k = -0*j - 4*j. Calculate the greatest common factor of 23 and j.
23
Let f be 1/3 - (-15)/9 - -3. Suppose 2*b - 180 = -2*b. Calculate the highest common factor of f and b.
5
Let s(d) = d**2 + 6*d - 11. Suppose -2*r = -r + 8. Let k be s(r). Suppose h = -h + 100. Calculate the greatest common divisor of h and k.
5
Let r = -6 - -6. Let x be -1 - (-1 + (r - 1)). Let t be x*(-3 + 3 + 18). Calculate the greatest common divisor of t and 54.
18
Let m = -94 + 185. Let y be 2*(4 - (-15)/6). What is the highest common factor of y and m?
13
Let m(k) = -7*k**2 + k + 10. Let a(g) = -g**2. Let d(w) = -6*a(w) + m(w). Let o be d(0). Calculate the greatest common divisor of o and 10.
10
Let w(t) = 4*t**2 - 2*t + 5. Let v be w(-5). Let p = 13 + 10. Calculate the greatest common divisor of p and v.
23
Suppose 206*a = 210*a - 128. What is the highest common factor of a and 12?
4
Suppose 4*q = 7*q - 12. What is the highest common divisor of 100 and q?
4
Let h = -97 - -42. Let l = h + 125. Calculate the highest common divisor of l and 10.
10
Let h(s) = -s**2 + 5*s - 1. Let y be h(5). Let z be 2/2 - 11/y. Calculate the greatest common factor of z and 18.
6
Let b(o) = o + 2. Suppose 13 = 5*g - 7. Let y be b(g). Let x(j) = -j**2 - 12*j + 88. Let w be x(-16). What is the greatest common divisor of